er when 11548785 is divided by 5484?
4965
What is the remainder when 39189414 is divided by 8?
6
What is the remainder when 3803305 is divided by 1901652?
1
What is the remainder when 9400234 is divided by 47?
46
What is the remainder when 2043455 is divided by 1982?
13
Calculate the remainder when 3152533 is divided by 743.
727
What is the remainder when 618620 is divided by 154358?
1188
Calculate the remainder when 71809 is divided by 1233.
295
What is the remainder when 439059 is divided by 2940?
999
Calculate the remainder when 412480 is divided by 2923.
337
Calculate the remainder when 55927896 is divided by 1084.
0
Calculate the remainder when 172677 is divided by 13232.
661
What is the remainder when 1793948 is divided by 1929?
1907
Calculate the remainder when 627506 is divided by 624997.
2509
What is the remainder when 130795853 is divided by 299304?
5
What is the remainder when 11342141 is divided by 44?
41
What is the remainder when 943638 is divided by 943598?
40
What is the remainder when 4232232 is divided by 21?
18
What is the remainder when 47015 is divided by 1355?
945
What is the remainder when 353289590 is divided by 19?
18
What is the remainder when 5471 is divided by 5399?
72
Calculate the remainder when 19156859 is divided by 1915684.
19
What is the remainder when 82588336 is divided by 1651766?
36
Calculate the remainder when 15515844 is divided by 196403.
7
Calculate the remainder when 168059249 is divided by 250.
249
What is the remainder when 3269656 is divided by 99073?
247
Calculate the remainder when 14845966 is divided by 48.
46
What is the remainder when 67265 is divided by 2248?
2073
Calculate the remainder when 15543468 is divided by 41.
40
Calculate the remainder when 23386179 is divided by 133.
124
What is the remainder when 2384635 is divided by 207?
202
What is the remainder when 298702579 is divided by 17?
16
Calculate the remainder when 278086 is divided by 139032.
22
What is the remainder when 1121011 is divided by 373642?
85
What is the remainder when 5950503 is divided by 1487619?
27
Calculate the remainder when 48970 is divided by 1945.
345
What is the remainder when 242727 is divided by 242715?
12
Calculate the remainder when 31768396 is divided by 31768383.
13
Calculate the remainder when 633718 is divided by 1498.
64
What is the remainder when 49362709 is divided by 3743?
25
What is the remainder when 1863716 is divided by 5614?
5482
Calculate the remainder when 772771 is divided by 2593.
57
Calculate the remainder when 5475765 is divided by 31290.
15
Calculate the remainder when 2426006 is divided by 1212499.
1008
Calculate the remainder when 14552918 is divided by 4850948.
74
Calculate the remainder when 15999416 is divided by 19464.
8
Calculate the remainder when 138314733 is divided by 6752.
13
Calculate the remainder when 22106841 is divided by 389.
360
What is the remainder when 2439205 is divided by 521?
404
Calculate the remainder when 7032339 is divided by 142.
73
What is the remainder when 1313618 is divided by 28?
26
Calculate the remainder when 520367246 is divided by 6625.
6621
What is the remainder when 397939 is divided by 2010?
1969
What is the remainder when 61821360 is divided by 19?
15
What is the remainder when 6891 is divided by 6881?
10
What is the remainder when 10785578 is divided by 27?
23
What is the remainder when 14742373 is divided by 19949?
62
What is the remainder when 1078590 is divided by 73?
15
Calculate the remainder when 90039 is divided by 4497.
99
What is the remainder when 807200 is divided by 100677?
1784
Calculate the remainder when 178107 is divided by 4573.
4333
Calculate the remainder when 1527799 is divided by 447.
400
What is the remainder when 116899209 is divided by 1818?
1809
Calculate the remainder when 25193 is divided by 4188.
65
What is the remainder when 43256 is divided by 3843?
983
Calculate the remainder when 29504002 is divided by 2191.
2187
What is the remainder when 28656042 is divided by 495?
492
Calculate the remainder when 963461 is divided by 1079.
993
What is the remainder when 2079140 is divided by 1106?
966
What is the remainder when 809338 is divided by 2911?
80
What is the remainder when 41848289 is divided by 35?
14
Calculate the remainder when 89779283 is divided by 623.
622
What is the remainder when 84336926 is divided by 7028075?
26
What is the remainder when 629047 is divided by 36960?
727
Calculate the remainder when 18404 is divided by 8774.
856
Calculate the remainder when 4229038 is divided by 688.
590
What is the remainder when 36484369 is divided by 829190?
9
What is the remainder when 5625003 is divided by 77?
76
Calculate the remainder when 21461 is divided by 1246.
279
What is the remainder when 48552 is divided by 23819?
914
What is the remainder when 591276 is divided by 118?
96
What is the remainder when 15642 is divided by 14598?
1044
Calculate the remainder when 26947713 is divided by 2994178.
111
What is the remainder when 191847 is divided by 21268?
435
What is the remainder when 55241215 is divided by 60?
55
What is the remainder when 7490552 is divided by 4273?
4256
Calculate the remainder when 5009411 is divided by 4.
3
What is the remainder when 82843 is divided by 16518?
253
Calculate the remainder when 29216313 is divided by 1947753.
18
Calculate the remainder when 177315 is divided by 2778.
2301
What is the remainder when 601198 is divided by 1612?
1534
Calculate the remainder when 66281941 is divided by 112533.
4
What is the remainder when 41159423 is divided by 55?
8
Calculate the remainder when 15074797 is divided by 1389.
1369
Calculate the remainder when 6019 is divided by 5972.
47
What is the remainder when 1145459 is divided by 63?
56
What is the remainder when 54293 is divided by 1114?
821
What is the remainder when 3395266 is divided by 11707?
236
Calculate the remainder when 3550071 is divided by 629.
624
Calculate the remainder when 25357350 is divided by 666.
66
What is the remainder when 7043013 is divided by 1760752?
5
What is the remainder when 66597323 is divided by 402?
395
Calculate the remainder when 3291135 is divided by 316.
311
Calculate the remainder when 109162537 is divided by 2878.
2875
What is the remainder when 319485 is divided by 8407?
19
What is the remainder when 26055000 is divided by 589?
585
Calculate the remainder when 4073925 is divided by 1759.
81
Calculate the remainder when 792437 is divided by 4823.
1465
What is the remainder when 114850578 is divided by 848?
2
Calculate the remainder when 265933 is divided by 53097.
448
Calculate the remainder when 72177 is divided by 2888.
2865
What is the remainder when 193078 is divided by 193038?
40
What is the remainder when 48852 is divided by 21?
6
What is the remainder when 634072 is divided by 126534?
1402
Calculate the remainder when 5863194 is divided by 3513.
3510
What is the remainder when 21649 is divided by 4678?
2937
Calculate the remainder when 1673277 is divided by 1018.
703
Calculate the remainder when 17796126 is divided by 227.
7
Calculate the remainder when 5165419 is divided by 24.
19
Calculate the remainder when 8335590 is divided by 56.
46
What is the remainder when 6134851 is divided by 69?
61
What is the remainder when 23605 is divided by 5568?
1333
Calculate the remainder when 46703 is divided by 13676.
5675
Calculate the remainder when 33312479 is divided by 711.
707
What is the remainder when 4945372 is divided by 1029?
1027
Calculate the remainder when 15378035 is divided by 9522.
5
Calculate the remainder when 2079523 is divided by 8849.
8
Calculate the remainder when 25039944 is divided by 403.
345
Calculate the remainder when 76252 is divided by 7603.
222
Calculate the remainder when 2375034 is divided by 2191.
2181
What is the remainder when 254871 is divided by 2531?
1771
Calculate the remainder when 642528 is divided by 321073.
382
Calculate the remainder when 16985836 is divided by 1544166.
10
What is the remainder when 272330 is divided by 53289?
5885
Calculate the remainder when 8182229 is divided by 282.
281
Calculate the remainder when 1005427 is divided by 1004655.
772
Calculate the remainder when 101761 is divided by 100861.
900
What is the remainder when 972094 is divided by 496